3*y**2 + 7*y + 19. Let m(w) = -20*w**2 + 6*w + 19. Let s(b) = 3*h(b) - 2*m(b). Calculate s(-3).
1
Let s(t) = -3*t - 1. Let v be s(-1). Let r = -3 + 9. Let k(u) = -u + 0 - 3*u - u - r + u**v. Determine k(5).
-6
Let h(p) = -7*p - 15 + 11*p - 6*p - p + 0. Determine h(-4).
-3
Let p = 102 - 100. Suppose -p*l = -2*l - 3*l. Let u(k) = k**3 - k**2 + k + 4. Calculate u(l).
4
Let v(x) = -x**2 - 4*x + 8. Let a = -1644 - -1650. Determine v(a).
-52
Let q(w) = -w - 50*w**2 - 57*w**2 - 49*w**2 + 205*w**2 - 55*w**2. Suppose r + 23 = 4*a - 2*r, -5*a - r = -5. Let m = a + -1. Give q(m).
-7
Let x(u) = -u**2 + 7*u + 2. Let n = 34 + -32. Let r be n/(-11) - (-6)/33. Suppose r = -6*s + s + 35. Calculate x(s).
2
Suppose -t = 2*v + t + 6, -2*t - 2 = 0. Let j = 35 + v. Let y be 2/(-4) + j/6. Let n(b) = 2*b - 4. What is n(y)?
6
Suppose -5*z - 3*v + 6 + 8 = 0, -2*z = -5*v - 18. Suppose z*j + 2 = -2. Let i(o) = 19*o**3 - 2*o - 1. Calculate i(j).
-18
Suppose -4*g + 5*i + 6 + 24 = 0, -3*i + 26 = 2*g. Let v be (g + -11)*(-1 + -1). Let k(u) = 2*u**2 + 2*u. Give k(v).
12
Let z(j) = 6*j - 2*j**2 - 4*j - 2 - 3*j + 0*j**2 - j. Suppose 5 - 14 = 3*l. Give z(l).
-14
Let m(f) = f**3 + 2*f**2 - 2*f + 13. Suppose -2*o - q - 4 = 0, -3*q - 20 + 8 = 0. What is m(o)?
13
Let z be 30/5 + (-80)/(8/1). Suppose -5*a - 3*x = -7*x - 14, -5*x = 2*a + 1. Let o(d) = 2*d**2 + 2*d**2 + d**3 + 0 - 2*d + a. Determine o(z).
10
Let l(i) be the third derivative of -1/60*i**5 + 0*i + 2/3*i**3 - 1/8*i**4 - 4*i**2 + 0. Determine l(-6).
-14
Suppose -4*w + 2 = i - 16, -5*i - 5*w + 45 = 0. Let p(z) = 4*z + 4. Let h(r) = -2*r - 1. Let f(l) = -9*h(l) - 4*p(l). Give f(i).
5
Let m(l) = 6*l + 1. Let t(p) = 3*p + 32. Let v be t(-9). Let b(s) = -7*s. Let k(o) = v*m(o) + 4*b(o). What is k(-6)?
-7
Let m(z) = z**2 + 13*z - 4. Let s(c) = 3*c - 1. Let b(r) = 2*m(r) - 9*s(r). Let o = -5 + 3. Let w = o - 0. Give b(w).
11
Let w(o) = 6*o - 34. Let q be w(6). Let x(r) = 14*r**2 - 5*r**2 - r + 5 - 10*r**q. Calculate x(-4).
-7
Let n(b) = -1926*b - 3 + 975*b + 957*b. Let k = -5 - -7. Determine n(k).
9
Let u = 54 - 48. Let f(y) be the first derivative of 7/2*y**2 - 7*y - 1 - 1/3*y**3. Give f(u).
-1
Let p(l) = -2*l**3 - 9*l**2 + 6*l - 6. Let r be p(-5). Let a(s) = -s**2 - 11*s - 10. Calculate a(r).
-10
Let a(h) = -5*h**3 - h**2 + 1. Let f = -22 - -31. Let y(z) = z**3 - 10*z**2 + 8*z + 7. Let u be y(f). Let s be (-3)/9 + u/3. Calculate a(s).
5
Let f(y) = y**2 + 8*y + 13. Let q = 15 - 19. Let r = q - 2. Let b be f(r). Let o(z) = -z**2 + z - 1. What is o(b)?
-1
Let c(y) = y**3 - 4*y**2 + 8*y - 36. Let x be c(4). Let k(u) = 5*u - 11. Let z(p) = -p + 1. Let f(v) = k(v) + 6*z(v). Calculate f(x).
-1
Let r be (-3)/12 + 1/4. Let n(k) = -1696 - k + 562 + 568 + 570. What is n(r)?
4
Let o be 4*(2 + 9/(-6)). Let x(h) = -4*h**2 - 3. Let i(g) = -3*g**2 - 2. Let k(q) = 7*i(q) - 5*x(q). Give k(o).
-3
Let h(n) = 419*n + 3 - 418*n + 0. Determine h(-9).
-6
Let a(g) = g**3 + 3*g**2 - 6*g - 5. Let d(y) = -y**3 - 2*y**2 + 5*y + 4. Let h(c) = -2*a(c) - 3*d(c). What is h(-2)?
-4
Let f(n) = -20*n + 19. Let w(r) = 13*r - 13. Let g(o) = 5*f(o) + 8*w(o). Determine g(7).
19
Let g = -6 - -12. Let l(x) be the first derivative of x**2/2 - 8*x - 117. Determine l(g).
-2
Let m(g) = -g**2 - 29*g + 90. Let a be m(-32). Let t(j) = 8*j + 6*j + j**2 - 7*j. What is t(a)?
-6
Let y(k) = -k**3 + 6*k**2 - 7*k - 2. Let u = -36 - -23. Suppose 5*n = -0*n, -5*n = 5*j + 40. Let g = j - u. What is y(g)?
-12
Let z(s) = s + 6. Suppose -4*n - b = 3*b - 136, 2*n = 4*b + 80. Let k be (-100)/n + 2/(-9). Determine z(k).
3
Let n(r) = 3*r**3 + 4*r**2 - 2*r - 2. Let t(h) = h**3 + h + 1. Let s(k) = n(k) - 2*t(k). Suppose -23*g + 9*g - 70 = 0. Give s(g).
-9
Let i(o) be the first derivative of 4*o**2 - o - 1. Suppose 5*t + 5*x = 15, 7*x - 8*x = -2*t. Determine i(t).
7
Let b(z) = 0 + 1 + 4*z - 5*z - z. Let o be (-3)/9*-3 + 0/(-7). What is b(o)?
-1
Let x(g) = -4*g - 1. Let j(q) = -17*q - 55. Let c be j(-7). Suppose -c*n - 15 = -69*n. What is x(n)?
-13
Suppose -42 - 22 = 4*l. Let i = -11 - l. Let f(u) be the first derivative of u**2/2 - 2*u + 25. Determine f(i).
3
Let x(u) = -2 + 6*u**3 + 29*u**2 - 29*u**2 - 7*u**3. Suppose 2*h - 5 = -1. Calculate x(h).
-10
Let u(h) be the second derivative of 15*h + 1/12*h**4 + 1/10*h**5 + 3/2*h**2 + 0 + 1/3*h**3. Determine u(-2).
-13
Let x(f) be the first derivative of f**4/4 - f**3 - 2*f**2 + 7*f + 2. Let n be x(3). Let d(v) = -v**3 - 5*v**2. Give d(n).
0
Suppose 2*d + 3*m = -17, d + 4*m = -d - 22. Let b(t) = -t**3 + 2*t**2 + 2*t. Give b(d).
1
Let s(f) = -f**3 - 5*f**2 + 4*f + 1. Let l = -228 - -223. What is s(l)?
-19
Suppose 0*d - 16 = -8*d. Let m be (d/((-30)/(-3)))/((-1)/(-5)). Let v(p) = p**2 - p. What is v(m)?
0
Suppose 0 = 3*w - 27 - 6. Let i = 13 - w. Let d(o) = -5*o**2 - 1 - o**2 + o**3 - 5 + i*o. Give d(6).
6
Let d(w) = -2*w**3 + 33*w**2 + 15*w + 37. Let l be d(17). Suppose -3 - 5 = -4*k + h, -l*h = -4*k. Let f(r) = -2*r + r + 0 + 1. Calculate f(k).
-2
Let z(w) = -w - 6. Let g = -61 - -58. What is z(g)?
-3
Let p(u) = -u**3 + 6*u**2 - 15*u + 4 - 1 + 11*u. Suppose 2*o - 8 - 2 = 0. What is p(o)?
8
Let r(h) = h**2 - 4 - 4*h - 9*h - 20 - 13*h + 29*h. Determine r(-7).
4
Suppose 7*m + 31 = -11. Let y(k) = -5*k**2 - 2*k - 6. Let a(z) = 11*z**2 + 3*z + 12. Let c(v) = -4*a(v) - 9*y(v). Give c(m).
6
Let i(p) = p**2 - 5*p + 3. Let z = -587 - -591. Give i(z).
-1
Let n = 556 + -558. Let i(o) = 2*o**3 + o**2 - 2. Determine i(n).
-14
Let y(l) be the first derivative of -1/2*l**2 - 1 + 2*l. What is y(3)?
-1
Let a(r) be the third derivative of -r**4/12 - 3*r**3 - 328*r**2. Calculate a(-11).
4
Let p be (-2470)/(-39)*(-6)/(-4). Let y(k) = 48 + 50 - 4*k - p - k**3 + 5*k**2. Calculate y(2).
7
Let g(c) = 3*c + 17. Let v(r) = 2*r + 16. Let z(l) = -4*g(l) + 5*v(l). Let t = -461 + 469. Determine z(t).
-4
Let p(r) = 3*r - 6*r + r. Let w be (2/(-8))/(1/(-20)). Suppose 2*l - w*l + 3 = 0. Determine p(l).
-2
Let n(q) be the third derivative of -q**4/12 + 5*q**3/6 + 253*q**2. Give n(-2).
9
Let y = -3 + -8. Let s = y + 14. Let f(h) = 29*h**3 + s*h**2 + 1 - 30*h**3 - 3. What is f(2)?
2
Suppose 3*x + g = 15, -9*g + 5 = x - 3*g. Let k(m) = 2*m + 5. Let r(q) = -q - 1. Let w(s) = k(s) + 4*r(s). Determine w(x).
-9
Let l(z) = -7*z**3 - 3*z**2 + 11*z - 2. Let k(p) = -2*p**3 + p**2 + p - 1. Let j(n) = -4*k(n) + l(n). Calculate j(5).
-13
Let i(w) be the second derivative of -w**5/20 - w**4/2 - 2*w**3/3 - w**2 + 2*w + 3. What is i(-5)?
-7
Let u(i) = i + 4. Let g be u(0). Suppose 0 = 7*o - g*o + 18. Let b(x) = x**3 + 5*x**2 - 2*x + 6. What is b(o)?
-18
Let h(p) = -10*p - 16. Let b(x) = 5*x + 7. Let w(y) = 9*b(y) + 4*h(y). Give w(2).
9
Let t(b) be the second derivative of -5*b**3/3 - 29*b. Determine t(2).
-20
Let u(m) = 5 - 890*m - 16*m**2 + 4 + m**3 + 891*m + 17*m**2. Suppose -3*y - y = 0. Calculate u(y).
9
Let q = -4 - 3. Let t(h) = -5*h + 21. Let n(i) = 2*i - 11. Let a(u) = -7*n(u) - 3*t(u). Calculate a(q).
7
Let p(l) be the first derivative of l**3/3 + 5*l**2/2 - l + 1808. Let b(w) = -2*w**2 + 5 + 3*w - 3 + 1. Let t be b(3). Give p(t).
5
Let u = 6 - 4. Let t be u/7 - 80/(-14). Let m(o) be the first derivative of -o**4/4 + 2*o**3 + 5*o - 1610. What is m(t)?
5
Let d(o) = -112 + o**3 - 3*o**2 + 8*o + 121 - 5*o**2. What is d(7)?
16
Let a(x) = 13*x - 18*x + 13*x + 2*x**2 + 3. Let l be a(-3). Let y(i) = i**2 + 7*i + 2. What is y(l)?
-10
Suppose q = -2*q + 18. Let x(l) = -4*l**2 + 4*l + 4*l**3 + 0*l**2 - 5 - q*l**3 + l**3. Let n(c) = 2*c**3 + 2*c**2 - 2*c - 1. Let j be n(-2). Give x(j).
0
Let o(s) be the third derivative of 11*s**6/120 + 26*s**2. What is o(1)?
11
Let s(c) = c**3 - 4*c**2 + c - 1. Let a be s(2). Let f(u) = -10 + 0*u**2 + 2*u + 8*u**2 + u**3 + 0 + 2*u. Determine f(a).
11
Let b(f) = -2*f**2 + 14*f + 125. Let s be b(-5). Let n(g) = -g**3 + 7*g**2 - 7*g - 2. Determine n(s).
13
Let n(x) = -x + 1. Let k be n(-1). Suppose -k = 3*g - 11. Let h(m) = -g + 9 + 2*m - 3*m - m. Determine h(5).
-4
Let v(k) = k**2 - 15*k + 166 - 164 + 16*k. What is v(-2)?
4
Let w(l) = l + 6. Suppose 0 = -4*q - 5*v + 160, 3*q - 4*v + 7 - 96 = 0. Suppose 26 = -3*n + q. Suppose -n*u = -3, 0 = 3*s + 4*u - 7*u + 21. Determine w(s).
0
Let p(c) = -7*c - 13*c + c - c**2 - 57 - 13*c + c. Calculate p(-29).
1
Suppose -h + 3 =